{"id":597,"date":"2025-12-08T15:48:10","date_gmt":"2025-12-08T15:48:10","guid":{"rendered":"https:\/\/alice.courtois.info\/?page_id=597"},"modified":"2025-12-08T20:49:11","modified_gmt":"2025-12-08T20:49:11","slug":"le-plan-schuman-et-la-creation-de-la-communaute-europeenne-du-charbon-et-de-lacier","status":"publish","type":"page","link":"https:\/\/alice.courtois.info\/?page_id=597","title":{"rendered":"Le plan Schuman et la cr\u00e9ation de la Communaut\u00e9 europ\u00e9enne du charbon et de l\u2019acier"},"content":{"rendered":"","protected":false},"excerpt":{"rendered":"","protected":false},"author":3,"featured_media":0,"parent":0,"menu_order":0,"comment_status":"closed","ping_status":"closed","template":"full-width","meta":{"saved_in_kubio":true,"footnotes":""},"class_list":["post-597","page","type-page","status-publish","hentry"],"kubio_ai_page_context":{"short_desc":"","purpose":"general"},"_links":{"self":[{"href":"https:\/\/alice.courtois.info\/index.php?rest_route=\/wp\/v2\/pages\/597","targetHints":{"allow":["GET"]}}],"collection":[{"href":"https:\/\/alice.courtois.info\/index.php?rest_route=\/wp\/v2\/pages"}],"about":[{"href":"https:\/\/alice.courtois.info\/index.php?rest_route=\/wp\/v2\/types\/page"}],"author":[{"embeddable":true,"href":"https:\/\/alice.courtois.info\/index.php?rest_route=\/wp\/v2\/users\/3"}],"replies":[{"embeddable":true,"href":"https:\/\/alice.courtois.info\/index.php?rest_route=%2Fwp%2Fv2%2Fcomments&post=597"}],"version-history":[{"count":8,"href":"https:\/\/alice.courtois.info\/index.php?rest_route=\/wp\/v2\/pages\/597\/revisions"}],"predecessor-version":[{"id":906,"href":"https:\/\/alice.courtois.info\/index.php?rest_route=\/wp\/v2\/pages\/597\/revisions\/906"}],"wp:attachment":[{"href":"https:\/\/alice.courtois.info\/index.php?rest_route=%2Fwp%2Fv2%2Fmedia&parent=597"}],"curies":[{"name":"wp","href":"https:\/\/api.w.org\/{rel}","templated":true}]}}